 + 3*b. Let x(v) = -v**2 + 6*v + 4. Calculate the remainder when 4/6*j + 32 is divided by x(4).
10
Let n(i) = 8*i**2 + 2*i - 1 - 3*i**2 - 3*i. Let x be n(3). Suppose -x = 3*v - 4*v. What is the remainder when v is divided by 14?
13
Suppose 0 = f - 13 - 7. Calculate the remainder when f is divided by 7.
6
Suppose 2*g + 4*f = 26, -2*g + f = 3 - 29. What is the remainder when 76 is divided by g?
11
Suppose -5*y - 2*w = -4*y, -2*y - w + 3 = 0. What is the remainder when 4 is divided by y?
0
Suppose -21 - 3 = -4*s. Calculate the remainder when s is divided by 2.
0
Let c be (-4 + 2)*-1 + 2. Let v(y) = 11*y - 6. Let w = -62 + 75. What is the remainder when v(c) is divided by w?
12
Let s(q) = -q**2 + 6*q - 4. Let w be s(5). Let n be w/((-9)/12 - -1). Suppose n*x = -44 + 172. What is the remainder when x is divided by 11?
10
What is the remainder when 0 + 1 - (-116 - -8) is divided by 28?
25
Suppose 0 = -2*a + 117 - 29. Let u = 4 + -2. Suppose 13 = u*j - 17. What is the remainder when a is divided by j?
14
Suppose -5*y = 2*r - r - 21, 5*y = 4*r + 16. Suppose 23 + r = 3*b. Let v = -14 + 29. What is the remainder when v is divided by b?
7
Let s be -1 - (-3 - -2)*70. Suppose -10 = -2*p - 4*q + 2, -s = -4*p + q. What is the remainder when 61 is divided by p?
13
Let b = 42 + -87. Let w = b - -65. What is the remainder when 59 is divided by w?
19
Suppose 4*k - 20 = 0, -5*k = 4*a - 0*a - 221. What is the remainder when 145 is divided by a?
47
Let r(i) = 2*i**3 + i**2 - 1. What is the remainder when (514/(-7))/(-2) + 2/7 is divided by r(2)?
18
Suppose -g + 6 = 2*q, 0*g + 1 = g - 3*q. Suppose -d + 43 = -3*m, g*m + 43 = d - m. Suppose 32 = 5*l - d. What is the remainder when 29 is divided by l?
14
Calculate the remainder when 223 is divided by (-24)/9*42/(-4).
27
Suppose -2*q = -7 + 3. Suppose q*b - 5*b = -54. Calculate the remainder when 52 is divided by b.
16
Calculate the remainder when 29 is divided by (48/(-10))/(3/(-10)).
13
Calculate the remainder when 23 is divided by ((-52)/(-16) + -4)/(2/(-32)).
11
Suppose 2 = 3*f - 10. Suppose -3*k - 9 = -v, 5*k - 61 - 26 = -f*v. What is the remainder when 70 is divided by v?
16
Suppose -11 - 1 = -3*j. Let y(v) = -7 + j + 3*v - v. What is the remainder when y(7) is divided by 4?
3
Let o(y) = 4*y + 2 + 0 - 1. Let t be o(1). Suppose -t*l + 45 = -2*a + 4*a, 58 = 3*l - 5*a. What is the remainder when 32 is divided by l?
10
Let c(d) = -d**3 + 6*d**2 + 6*d - 5. What is the remainder when 61 is divided by c(6)?
30
Suppose 0 = -8*p + 2*p + 336. What is the remainder when p is divided by 13?
4
Let b(m) = 2*m - 17. What is the remainder when b(21) is divided by 9?
7
Calculate the remainder when 39/104 - (-1562)/16 is divided by 25.
23
Suppose 0*r + 3*r - 63 = 0. Let w = r + -11. Suppose 0 = h - 2 - 1, -4*h = l - 39. Calculate the remainder when l is divided by w.
7
Suppose 3*p - 136 = 4*b + 4*p, 0 = b + 5*p + 34. Let s = -23 - b. What is the remainder when 21 is divided by s?
10
Let z(h) = h + 11. Let a be z(-11). Suppose 5*x - x - 496 = a. Suppose 0*r + 3*r + c = x, -4*c + 96 = 2*r. Calculate the remainder when r is divided by 14.
12
Suppose 26*a - 333 = 23*a. Calculate the remainder when a is divided by 14.
13
Let k be (-1)/(-2)*-2*-3. Let z(d) = -d**2 - 7*d**2 - 4*d + d**k - 10 + 2. Calculate the remainder when z(9) is divided by 10.
7
Let t(y) be the third derivative of 7*y**4/24 - y**3 - 3*y**2. What is the remainder when 42 is divided by t(4)?
20
Suppose 0 = -2*g - 0*g + 6. Let q be (g + -1)/2 + 3. Let b = q + 16. What is the remainder when b is divided by 11?
9
Suppose -2*n - 2*j + 66 = -n, -2*n = -5*j - 159. Suppose -n - 42 = -3*x. Calculate the remainder when x is divided by (26/8)/((-1)/(-4)).
12
Let m(v) = v**3 + v**2 - v + 5. Let i be m(0). Let d be (-4)/(-10) - (-28)/i. Calculate the remainder when 10 is divided by (-2)/3*(0 - d).
2
Let i(w) = -w + 10. What is the remainder when 37 is divided by i(0)?
7
What is the remainder when 155 is divided by ((-78)/(-5))/(6/20)?
51
Let r(b) = -4*b**2 + b**2 + 6*b - 2 + 8*b**2 - b**3. Let c be r(6). Let q(x) = -5*x - 3. What is the remainder when q(c) is divided by 2?
1
Let c(g) = g**2 - 7*g + 9. Let o be c(6). Let j be (-1)/(((-6)/o)/36). Calculate the remainder when 38 is divided by 4/j - (-712)/36.
18
Let d = -17 + 25. What is the remainder when 15 is divided by d?
7
Suppose 54 - 2 = 4*v. Suppose -2*z = -4*d - 27 - v, -2*d + 36 = 3*z. Let b(m) = -m**3 + 7*m**2 - 4*m + 2. Calculate the remainder when b(3) is divided by z.
12
Suppose 2*t + 3*s + s = 100, -4*t - 3*s + 205 = 0. Calculate the remainder when t is divided by 14.
10
Let n(x) = 8*x - 15. Let z be n(6). Let l = z - 21. What is the remainder when l is divided by 7?
5
Suppose -4*u + 12 = 2*l, 4*l + 2*u - 5*u = -20. Let s be 3 + -1 + (2 - 2). What is the remainder when l + s + -1 - -15 is divided by 8?
6
Let w = -55 - -86. What is the remainder when w is divided by 101/6 + 2/12 - 1?
15
Suppose 0 = 3*c - 9. Suppose 16*z = 15*z + 6. Calculate the remainder when z is divided by c.
0
Let u = 87 - 54. Calculate the remainder when u is divided by 18.
15
Suppose -4*a + 4*j = -0*a - 172, -3*j + 3 = 0. What is the remainder when a is divided by 15?
14
Let l(m) = 103*m**3 + 2*m**2 - m. Calculate the remainder when l(1) is divided by 55.
49
Let s(b) = 2*b**2 - 18*b + 10. Let y(t) = 5*t + 3. What is the remainder when y(5) is divided by s(9)?
8
Suppose 7*h = 5*h. Suppose h*s = -3*s + 90. Let a = -8 - -16. Calculate the remainder when s is divided by a.
6
Suppose 4*f + 0*w + w = 13, 5*f + 2*w = 17. Let v(r) = -3*r - 6. Let z be v(-4). Suppose -25 = -z*b + b. What is the remainder when b is divided by f?
2
Let b = 1 + 1. Suppose 3 = -b*s - 3. What is the remainder when 29 is divided by 1*(15 - 0/s)?
14
Let w(v) = 0*v**2 - 7*v + v**2 + v - 2*v**2 + 3. What is the remainder when 15 is divided by w(-5)?
7
Let o be 2/3*(-63)/(-2). Suppose -3*f = o - 54. Calculate the remainder when 21 is divided by f.
10
Suppose -3*p = -3*f, 3*p - 8 = -0*p - f. Suppose 4*n = -3*j - 36 + 293, -n = p*j - 178. What is the remainder when j is divided by 23?
22
Let l(d) be the first derivative of d**5/24 + d**3/3 - 3. Let n(q) be the third derivative of l(q). What is the remainder when 37 is divided by n(2)?
7
Suppose 26 = 3*g - 2*v, g - 2*v = v + 11. Let c = g - 33. Let s = -16 - c. What is the remainder when s is divided by 5?
4
Let n(o) = 6*o**2 - 2*o + 1. Let s(z) = z**3 + 11*z**2 - 3*z - 16. Calculate the remainder when s(-11) is divided by n(1).
2
Let i(g) = g + 2. Let z be i(-7). Calculate the remainder when (z/15)/(2/(-12)) is divided by 1.
0
Let j(v) = 0 - 2 - 11*v + 7 + 12*v. Calculate the remainder when 14 is divided by j(3).
6
Let f(r) = r**2 - 7*r + 5. Let u be f(5). Let o = u + 13. What is the remainder when 15 is divided by o?
7
Suppose 2*t + 4*v + 71 - 9 = 0, -2*v = -4*t - 84. Let w be (0 + -2)/(1/16). Let s = t - w. Calculate the remainder when 17 is divided by s.
8
Suppose -2*z = -4*l + 216, -l - 2*l - 3*z + 162 = 0. Calculate the remainder when l is divided by 14.
12
Let q(y) = -4*y. Let x be q(-2). Suppose 4*d = x + 4. Calculate the remainder when d is divided by 3.
0
Suppose 10 + 6 = 4*n. What is the remainder when (-2)/(-6) - 88/(-6) is divided by n?
3
Let o be ((-2)/3)/(4/(-6)). What is the remainder when 12 is divided by -10*(o/2 + -1)?
2
Let w be 30/12 + 1/2. Suppose x = w*x - 10. Suppose 2*d - 32 = -d - x*a, 2*a = -4. Calculate the remainder when 41 is divided by d.
13
Let w be 9 + -9 + (0 - 4). Let j be (-2)/w + (-3)/6. Suppose -5*m - 5*h + 10 = j, m - 5*h = 2*m + 10. Calculate the remainder when 13 is divided by m.
3
Suppose -5*i = 5 + 5. Let s(l) = 6*l - 2 - 7*l + 0 + 10*l**2. Calculate the remainder when s(i) is divided by 14.
12
Suppose n - 5*n = -60. Let u be 40/50*10/2. Suppose h + u = 5, -x + 27 = -h. What is the remainder when x is divided by n?
13
Let t = 55 - 15. Suppose 5 = 3*g - t. Let v = -8 + g. What is the remainder when 19 is divided by v?
5
Let p be ((-4)/(-10))/(11/660). Calculate the remainder when 2/(-12) - (-1420)/p is divided by 15.
14
Suppose 0 = 7*x - 8*x + 31. Suppose 0 = -4*o - 5*b + 33, -2*o - 3*b + x = 2*o. What is the remainder when 11 is divided by o?
4
Let f(r) = -r**3 + 8*r**2 - 6*r - 3. Calculat